{"version":"1.0","provider_name":"Kattern\u00f6 Digital","provider_url":"https:\/\/katternodigital.fi\/fi\/","author_name":"Amanda Myrevik-Snellman","author_url":"https:\/\/katternodigital.fi\/fi\/author\/amanda-myrevik-snellman\/","title":"Vetelin Energia 50 vuotta - Kattern\u00f6 Digital","type":"rich","width":600,"height":338,"html":"<blockquote class=\"wp-embedded-content\" data-secret=\"QtrAuzGvXL\"><a href=\"https:\/\/katternodigital.fi\/fi\/article\/vetelin-energia-50-vuotta\/\">Vetelin Energia 50 vuotta<\/a><\/blockquote><iframe sandbox=\"allow-scripts\" security=\"restricted\" src=\"https:\/\/katternodigital.fi\/fi\/article\/vetelin-energia-50-vuotta\/embed\/#?secret=QtrAuzGvXL\" width=\"600\" height=\"338\" title=\"&#8221;Vetelin Energia 50 vuotta&#8221; &#8212; Kattern\u00f6 Digital\" data-secret=\"QtrAuzGvXL\" frameborder=\"0\" marginwidth=\"0\" marginheight=\"0\" scrolling=\"no\" class=\"wp-embedded-content\"><\/iframe><script>\n\/*! This file is auto-generated *\/\n!function(d,l){\"use strict\";l.querySelector&&d.addEventListener&&\"undefined\"!=typeof URL&&(d.wp=d.wp||{},d.wp.receiveEmbedMessage||(d.wp.receiveEmbedMessage=function(e){var t=e.data;if((t||t.secret||t.message||t.value)&&!\/[^a-zA-Z0-9]\/.test(t.secret)){for(var s,r,n,a=l.querySelectorAll('iframe[data-secret=\"'+t.secret+'\"]'),o=l.querySelectorAll('blockquote[data-secret=\"'+t.secret+'\"]'),c=new RegExp(\"^https?:$\",\"i\"),i=0;i<o.length;i++)o[i].style.display=\"none\";for(i=0;i<a.length;i++)s=a[i],e.source===s.contentWindow&&(s.removeAttribute(\"style\"),\"height\"===t.message?(1e3<(r=parseInt(t.value,10))?r=1e3:~~r<200&&(r=200),s.height=r):\"link\"===t.message&&(r=new URL(s.getAttribute(\"src\")),n=new URL(t.value),c.test(n.protocol))&&n.host===r.host&&l.activeElement===s&&(d.top.location.href=t.value))}},d.addEventListener(\"message\",d.wp.receiveEmbedMessage,!1),l.addEventListener(\"DOMContentLoaded\",function(){for(var e,t,s=l.querySelectorAll(\"iframe.wp-embedded-content\"),r=0;r<s.length;r++)(t=(e=s[r]).getAttribute(\"data-secret\"))||(t=Math.random().toString(36).substring(2,12),e.src+=\"#?secret=\"+t,e.setAttribute(\"data-secret\",t)),e.contentWindow.postMessage({message:\"ready\",secret:t},\"*\")},!1)))}(window,document);\n<\/script>\n","description":"Hyvin pienill\u00e4 s\u00e4hk\u00f6yhti\u00f6ill\u00e4 on erityispiirre, joka n\u00e4kyy selke\u00e4sti Vetelin Energiassa \u2013 kaikki ovat er\u00e4\u00e4nlaisia jokapaikanh\u00f6yli\u00e4. \u201dNykyisin meill\u00e4 on 12 ty\u00f6ntekij\u00e4\u00e4, joista noin puolet on asentajia ja loput ty\u00f6skentelev\u00e4t toimistossa. N\u00e4in pienell\u00e4 henkil\u00f6st\u00f6m\u00e4\u00e4r\u00e4ll\u00e4 kaikkien t\u00e4ytyy olla valmiita auttamaan tarvittaessa. Se k\u00e4y erityisen selv\u00e4ksi silloin, kun Energiavirasto asettaa uusia vaatimuksia, jotka meid\u00e4n odotetaan t\u00e4ytt\u00e4v\u00e4n samoilla ehdoilla kuin&hellip;","thumbnail_url":"https:\/\/katternodigital.fi\/wp-content\/uploads\/2023\/09\/ok_jubileum-2_foto-vetelin-energia_webb.jpg"}

Katternö Digital

Vetelin Energia 50 vuotta - Katternö Digital

<blockquote class="wp-embedded-content" data-secret="QtrAuzGvXL"><a href="https://katternodigital.fi/fi/article/vetelin-energia-50-vuotta/">Vetelin Energia 50 vuotta</a></blockquote><iframe sandbox="allow-scripts" security="restricted" src="https://katternodigital.fi/fi/article/vetelin-energia-50-vuotta/embed/#?secret=QtrAuzGvXL" width="600" height="338" title="&#8221;Vetelin Energia 50 vuotta&#8221; &#8212; Katternö Digital" data-secret="QtrAuzGvXL" frameborder="0" marginwidth="0" marginheight="0" scrolling="no" class="wp-embedded-content"></iframe><script>
/*! This file is auto-generated */
!function(d,l){"use strict";l.querySelector&&d.addEventListener&&"undefined"!=typeof URL&&(d.wp=d.wp||{},d.wp.receiveEmbedMessage||(d.wp.receiveEmbedMessage=function(e){var t=e.data;if((t||t.secret||t.message||t.value)&&!/[^a-zA-Z0-9]/.test(t.secret)){for(var s,r,n,a=l.querySelectorAll('iframe[data-secret="'+t.secret+'"]'),o=l.querySelectorAll('blockquote[data-secret="'+t.secret+'"]'),c=new RegExp("^https?:$","i"),i=0;i<o.length;i++)o[i].style.display="none";for(i=0;i<a.length;i++)s=a[i],e.source===s.contentWindow&&(s.removeAttribute("style"),"height"===t.message?(1e3<(r=parseInt(t.value,10))?r=1e3:~~r<200&&(r=200),s.height=r):"link"===t.message&&(r=new URL(s.getAttribute("src")),n=new URL(t.value),c.test(n.protocol))&&n.host===r.host&&l.activeElement===s&&(d.top.location.href=t.value))}},d.addEventListener("message",d.wp.receiveEmbedMessage,!1),l.addEventListener("DOMContentLoaded",function(){for(var e,t,s=l.querySelectorAll("iframe.wp-embedded-content"),r=0;r<s.length;r++)(t=(e=s[r]).getAttribute("data-secret"))||(t=Math.random().toString(36).substring(2,12),e.src+="#?secret="+t,e.setAttribute("data-secret",t)),e.contentWindow.postMessage({message:"ready",secret:t},"*")},!1)))}(window,document);
</script>

Hyvin pienillä sähköyhtiöillä on erityispiirre, joka näkyy selkeästi Vetelin Energiassa – kaikki ovat eräänlaisia jokapaikanhöyliä. ”Nykyisin meillä on 12 työntekijää, joista noin puolet on asentajia ja loput työskentelevät toimistossa. Näin pienellä henkilöstömäärällä kaikkien täytyy olla valmiita auttamaan tarvittaessa. Se käy erityisen selväksi silloin, kun Energiavirasto asettaa uusia vaatimuksia, jotka meidän odotetaan täyttävän samoilla ehdoilla kuin&hellip;
